 digit of f?
6
Suppose 0 = -3*g - 4*g + 42. Let w(v) = v**3 + 5*v**2 - 18*v + 33. What is the tens digit of w(g)?
2
Let o be 2/(-9) + -2 + 150106/18. Suppose 70*h - 49*h - o = 0. What is the tens digit of h?
9
Let l = -142 - -396. Suppose -p = n + 4*p - 249, n - l = -4*p. Let a = -191 + n. What is the tens digit of a?
8
Suppose 3*o - 487 - 4133 = 0. What is the hundreds digit of ((-15)/(-4))/(33/o)?
1
Let t(z) = -10*z - 23. Let r be t(-11). Suppose -5*x + 323 + r = 0. Suppose -5*j + x = -88. What is the units digit of j?
4
Let u(q) = -16*q + 38. Let p be u(16). Let z = p - -365. What is the units digit of z?
7
Suppose -20*h + 33*h - 832 = 0. Let s = 322 - h. What is the tens digit of s?
5
Suppose -154*y = -32*y + 44*y - 1644894. What is the hundreds digit of y?
9
Let x(b) = 18009*b**3 + 32*b**2 - 38*b + 4. What is the thousands digit of x(1)?
8
Let r be -2 + (-135)/(-9) - 5. Suppose 3*q - 5*y = r*q - 2320, -y = 0. What is the units digit of q?
4
Let t = 8678 - 4809. What is the tens digit of t?
6
Suppose 0 = 3*z - 9, -2*f - 2 = -5*z + 73. What is the tens digit of (f/25)/((-2)/1295)?
7
Suppose -5*w = 58 + 162. Let s be (-22)/w - 29/(-2). What is the units digit of (1 - 8/20)*s?
9
Let t(p) = 55*p**2 + 5*p. Let a be t(1). Let m be (-25)/a*2*-6. Suppose -3*i - 4*b + b + 435 = 0, -m*i + 689 = -4*b. What is the tens digit of i?
4
Let k = -88 - -107. Suppose k*t + 882 - 3352 = 0. Suppose 3*o - t = -40. What is the tens digit of o?
3
Let f = -2365 + 3970. Suppose 0 = 4*h + q - f, q = 4*h + 605 - 2200. What is the tens digit of h?
0
Let n be 82740/108 + (-3)/27. Suppose n + 184 = 10*o. What is the tens digit of o?
9
Suppose -d = -m, -3*m - 5*d = -0*d - 40. Suppose m*f + 4*c = 10187, -25*f - 4058 = -27*f + 4*c. What is the tens digit of f?
3
Let a(n) = 3437*n + 991. What is the hundreds digit of a(8)?
4
Suppose v = -3*r + 14, 4*r - 3*v - 22 = -5*v. Suppose 0 = 5*l - r*a - 7 - 5, -3*a = -4*l + 12. What is the tens digit of l + 12/(-4)*-12?
3
Let l be (11 - 7)*82/(-6)*-36. Suppose 5*r - 527 = 2*t + 1444, l = 5*r - t. What is the units digit of r?
3
Let r(l) = 21*l**2 + 116*l + 2072. What is the tens digit of r(-28)?
8
Suppose 5*f - 95 = -2*c, c - 4*f - 50 = -6*f. Suppose -28*p + c = -23*p. What is the tens digit of p?
1
Suppose -5*r = -20, -4*l - 4*r + 24 = -0*r. Suppose -4*k + 64 = 4*j, 5*j - 56 = l*k + k. Let t = 63 - j. What is the tens digit of t?
5
Suppose 0 = 114*b - 110*b. Let i be (-6 - b - -2)*(0 + 2). What is the units digit of (-1950)/(-24) - (-2)/i?
1
Let h be (-1)/(-6) + 55/30. Suppose -5*n + 3*b = -29, -4*b - 20 = -3*n + n. Suppose 3*f = n*o - 52, 3*o + 0*f = -h*f + 22. What is the tens digit of o?
1
Let l be 16/(-56) + (-4)/((-84)/(-3753)). Let j = l + 644. What is the units digit of j?
5
Let z(f) be the first derivative of 19*f**2/2 - 8*f - 11. Let y be z(-3). What is the units digit of (-3)/(4 - (-265)/y)?
9
Suppose -3*l + 0*m - 4 = -2*m, -4*m + 8 = -2*l. Suppose 0 = -10*a + 21*a - 6864. Suppose -13*y + a - 156 = l. What is the tens digit of y?
3
Suppose -3*k = -2 - 10. Suppose -6 = k*m - 3*u, -2*m - 4*u + 8 = -3*m. Suppose m = -3*j + 23 + 85. What is the units digit of j?
6
Suppose 4*c + 4*f + 363 + 161 = 0, 0 = -5*c - f - 663. Let m = c - -365. What is the tens digit of m?
3
Let z = -3849 + 4739. What is the hundreds digit of z?
8
Suppose -4*c + 6 = -2*b, c + b - 3 + 6 = 0. Suppose 3*d + 5*s - 4018 = s, d + s - 1338 = c. What is the units digit of d?
4
Let g = 113 - 115. Let j be (0 - (9 + 5))/g. Let u(c) = 18*c - 41. What is the units digit of u(j)?
5
Let h = 3558 - 3560. Let s = 54 + -150. What is the tens digit of (-1 + 5)/(h + s/(-46))?
4
Suppose -4*u + 26 = -6*d + 4*d, -5*u + 28 = -2*d. What is the hundreds digit of 344 - (15/9 + (-3)/d)?
3
Let k be -5 + 8 - (-2895 - 1). Suppose 187*s = 200*s - k. What is the units digit of s?
3
Suppose 10368 = a - 5*t, -615*t + 20756 = 2*a - 620*t. What is the thousands digit of a?
0
Let o(h) = -78*h - 119. Let g(v) = -546*v - 831. Let a(s) = -2*g(s) + 15*o(s). What is the units digit of a(-14)?
9
Let i = 73 - 70. Suppose i*g + 14 = -4*g. What is the units digit of ((-258)/18 - -3)/(g/27)?
3
Suppose -261 = -10*u + 7*u. Let t = 73 - u. What is the units digit of (120/t)/(11/(-154))?
0
Let t(m) = m**3. Let d(n) = 4*n**3 + n**2 - 26. Let a(o) = -d(o) + 3*t(o). Let f be a(0). Suppose -40 - f = -r. What is the units digit of r?
6
Let a = 194 - 173. Suppose -a*u + 19*u = -894. What is the hundreds digit of u?
4
Suppose 0 = -3*o - 9, 3*h = 6*h - 5*o - 21. Let g(d) = -d**h + 3 + 6 + 14 - 16*d. What is the units digit of g(-12)?
1
Let w(t) = 22*t**3 + 2*t**2 - 6*t - 3. Let f(d) = -45*d**3 - 3*d**2 + 11*d + 7. Let m(k) = 3*f(k) + 5*w(k). What is the tens digit of m(-2)?
0
Let n(s) = -9*s - 5. Let h(y) = 3*y + 27. Let i be h(-8). Let g be n(i). Let a = g + 75. What is the tens digit of a?
4
Let y(s) = -528*s**2 - 7*s - 4. Let n be y(-1). What is the hundreds digit of 1*(-4)/12*1*n?
1
Suppose 501641 + 1675235 = 39*h + 480298. What is the hundreds digit of h?
5
Let z(x) = 2675*x**2 + 12*x. What is the thousands digit of z(-2)?
0
Suppose 65 = 3*y - 4*h + 21, 8 = -4*h. Let b be (-3)/y + 4/16. Suppose b = -0*v + 5*v + n - 418, -4*n = -3*v + 237. What is the tens digit of v?
8
Suppose 0*j + 6*j = 0. Suppose j = -5*w + h - 98, 0 = h + 2. Let q = -9 - w. What is the units digit of q?
1
Let l = 304 - 520. Let w = l + 336. What is the units digit of w?
0
Suppose 215 - 133 = m. Let f = m - -74. What is the units digit of f?
6
Let w(f) = 4*f**2 - 18*f - 38. Let j be (1 + (-7)/5)*-45 + -3. Let l be w(j). Let o = l - 301. What is the tens digit of o?
9
Let b = -1 + 11. Suppose 4*y + y - b = -4*d, d - 6 = -3*y. What is the units digit of (-483)/(-4) - y/(-8)?
1
Let y = 9166 - -5216. What is the hundreds digit of y?
3
Suppose 0 = 5*w + 5*h - 130, 46 = 3*w - w - 4*h. Suppose w = y + 4*y. Suppose 785 = 5*t - y*v + 225, 109 = t + 2*v. What is the tens digit of t?
1
Suppose -137*n - 10 = -139*n. Suppose -n*j = -11*j + 1518. What is the tens digit of j?
5
Let t be 2*(-4)/(-4 + 8). Let c be (0 + t)*(7 + -10). Suppose -10*l = -c*l - 16. What is the units digit of l?
4
Let u be (-4)/(-8)*24*2. Suppose 3*o - u = -15. What is the units digit of -1 - (1 - (28 - o))?
3
Let p(y) = y**3 + 4*y**2 - 3*y - 13. Let x be p(-4). What is the tens digit of (-8 + 17 - -14)/(x/(-8))?
8
Let k(w) = 2*w**3 + w**2 - 2*w + 2. Suppose 10*q = 1 + 9. What is the units digit of k(q)?
3
Let m(t) = t**3 + 4*t**2 + t + 3. Let g be 1 - (-5)/(-7) - (-52)/14. Let v be m(g). Let l = v - 71. What is the tens digit of l?
6
Let h = 19062 - 11404. What is the hundreds digit of h?
6
Let k = -1184 + 3929. What is the hundreds digit of k?
7
Let x = 8440 + -4905. What is the tens digit of x?
3
Suppose 66*b - 213383 = 142555. What is the tens digit of b?
9
Suppose 23 = m - 255. Let w(h) = -10*h**2 - 833*h - 243. Let v be w(-83). Suppose -m = -v*n + 1102. What is the units digit of n?
0
Suppose 5*a + 2*j - 6 = 2, -3*j - 5 = -a. Suppose a*k - 789 = 3*d, -3*k = 3*d + 2*d - 1193. What is the hundreds digit of k?
3
Let l be ((-10)/4)/((-4)/40). Let r = l + 889. What is the tens digit of r?
1
Let d = 3827 + 1978. Suppose 2152 = -13*t + d. What is the units digit of t?
1
Let v(j) = 300*j - 476. What is the thousands digit of v(19)?
5
Let f(s) = -1241*s - 172. What is the tens digit of f(-3)?
5
What is the hundreds digit of (-20)/(-18) + (-20189683)/(-2097)?
6
Let o = 50 + -47. Let u be (-24)/(-9) + -2 + (-2)/o. Suppose -3*d + 0*h = -h, u = 4*d - 4*h + 8. What is the units digit of d?
1
Let b be -2 - (-284 + (0 - -4)). Let y = 594 - b. Suppose 3*w = x + y, x = -w - 20 + 120. What is the tens digit of w?
0
Suppose -2*i + 42429 = h, 17*i + 106076 = 22*i + 3*h. What is the thousands digit of i?
1
Let o be 2 + -3 + (-24)/(-4). Suppose u - 45 = 4*m + 23, -o*m + 230 = 4*u. Suppose -162 = -5*p + 4*t, -2*p + 0*p + 4*t = -u. What is the units digit of p?
4
Suppose -68 = 24*o + 124. Let g = o - -39. What is the tens digit of g?
3
Let l(d) = 3275*d + 885. What is the thousands digit of l(3)?
0
Let r(f) = 71*f**2 + 2*f - 2. Let m be 1*((-2)/(-4))/(2/4). Let s be r(m). Let n = s - 37. What is the units digit of n?
4
Let y = 27529 + -3562. What is the units digit of y?
7
Suppose -4*w + 1